nd k?
9
Let u(s) = -6 + 6*s + s**3 + 0*s**3 + s**3 - 2*s**2. Let d be u(5). What is the highest common divisor of d and 32?
32
Let c be (-22)/(-5)*(-10)/(-2). Calculate the highest common factor of 242 and c.
22
Let c(j) = 2*j**2 - 4*j + 2. Let r be c(-5). Calculate the highest common factor of r and 9.
9
Let v(p) = -p**3 - 8*p**2 + 8*p - 10. Let b be v(-9). Let q be 10 + -1 + b + 1. Calculate the greatest common factor of q and 9.
9
Suppose -2 = 2*i - 4*v, v - 50 = i - 6*i. Calculate the highest common factor of 99 and i.
9
Let n(h) = -48*h**3 - 2*h - 2. Let s be n(-1). Calculate the greatest common factor of 16 and s.
16
Let m = -14 - -29. Calculate the greatest common factor of m and 6.
3
Suppose 0 = o + 3*z - 17, 3*z - 5 = 3*o + 2*o. Suppose -o*n - 4 = 0, 5*n + 29 = 5*h - 31. Let d = -21 - -31. Calculate the highest common factor of d and h.
10
Let i be (-1)/(-1) - (9 + -7). Let d = 3 + i. Calculate the highest common factor of 5 and d.
1
Let z = -24 - -38. Calculate the greatest common factor of 21 and z.
7
Let v(g) = 40*g. Let c(l) = l - 2. Let k be c(6). Suppose -5*f = 3*i + 10, f + k*f + 15 = -4*i. Let h be v(f). Calculate the greatest common factor of 8 and h.
8
Let g be -18*(128/(-4))/4. Calculate the greatest common factor of 16 and g.
16
Let w = 144 - 42. Suppose 18 + w = 3*l. Let f(m) = 3*m**2 + 3*m + 2. Let x be f(-3). Calculate the greatest common divisor of x and l.
20
Let m(g) = g**3 - 3*g - 1. Let d be m(-2). Let i = 1 + d. Let b(w) = 14*w**2 + 2*w + 2. Let f be b(i). Calculate the highest common factor of f and 18.
18
Suppose 2*u = -5*d + 203, -5*d + 0*d - u = -204. Let h = d - 17. What is the greatest common divisor of 6 and h?
6
Let u be (-2 + 4*-1)*1. Let f = 5 - u. Let n(p) = 5*p**2 - 4. Let t be n(-5). What is the highest common factor of f and t?
11
Suppose 3*d - 3 = -5*j, 2*d + 3*j = 2*j + 9. What is the highest common divisor of 9 and d?
3
Suppose 5*n + 2 = 7*n. Suppose -4*h + 5*h - 1 = 0. Calculate the highest common factor of h and n.
1
Let a be (-3 - 2)*(-6 - -3). What is the highest common factor of 2 and a?
1
Suppose -5*a + 188 + 412 = 0. Calculate the greatest common factor of a and 15.
15
Let l = 43 - 25. Let y(w) = -w**3 + 20*w**2 + 2*w - 34. Let h be y(20). What is the highest common divisor of h and l?
6
Suppose -4*f - 88 = -388. Calculate the highest common divisor of 100 and f.
25
Let m be -6 + 2 + 6/(-3). Let n(i) = -i**2 - 14*i - 4. Let z be n(m). Calculate the highest common factor of z and 11.
11
Let l = 8 + -4. Suppose 3 = l*o - 9. Suppose 16 - 55 = -o*h. Calculate the greatest common divisor of 143 and h.
13
Let g be 15*(28/(-20) - -2). What is the highest common divisor of g and 45?
9
Suppose 0*i - i = 2. Let c be (-3 - -2)*1*i. Suppose j = -c*j + 75. Calculate the greatest common divisor of 5 and j.
5
Let f be (-172)/(-4) - -4 - -1*1. Calculate the greatest common divisor of 192 and f.
48
Let s(b) = b**3 + 8*b**2 + 8*b + 9. Let m be s(-6). What is the highest common divisor of 132 and m?
33
Suppose -3*q + 3*n - 3 = -30, -4*q - 2*n + 12 = 0. Let o(a) = a + 3. Let f be o(q). Calculate the highest common factor of 56 and f.
8
Suppose 3*m - 7 = 8. Let n(v) = v**3 - 3*v**2 - 4*v + 15. Let k be n(4). Calculate the greatest common divisor of k and m.
5
Suppose 3*c = 32 - 11. What is the greatest common factor of 56 and c?
7
Let y = 24 + -20. Calculate the greatest common divisor of y and 2.
2
Suppose -3*b = 5*i - 33, -3*b + 2*i - 3*i + 21 = 0. Let m be 167/b - 4/(-24). What is the highest common factor of 4 and m?
4
Let b(c) = -9*c - 3. Let z be b(-3). Suppose 0*t = t - n - 12, n + z = 2*t. What is the greatest common divisor of t and 12?
12
Let o = 6 + 2. Suppose 0 = -2*f + o, -4*b - f + 3*f - 12 = 0. Let d be 3 - 3 - 8/b. What is the highest common factor of 72 and d?
8
Let n(x) = 10*x + 99. Let o be n(0). Calculate the greatest common factor of 33 and o.
33
Suppose -3*u - l - 89 = -4*u, -4*l + 4 = 0. Suppose 35 + 10 = -3*c. Let n = 25 + c. Calculate the highest common factor of n and u.
10
Suppose 4 = 4*v - 16. What is the greatest common factor of 40 and v?
5
Let t = 28 + -12. Let v = t + -7. What is the greatest common divisor of v and 36?
9
Let w be (-1)/(-5) + (-14)/(-5). Suppose -r + w*r = 48. What is the greatest common factor of r and 6?
6
Suppose -2*q + 758 = 4*b, q - 943 = -5*b + 3*q. Suppose -9*i = -6*i - b. Calculate the greatest common factor of i and 21.
21
Let p be 5*(16/10 + -1). Let g be p + 1/(1/3). What is the greatest common factor of g and 4?
2
Let f(m) = -m**3 + 6*m**2 - m - 5. Let t be 18/4 - (-11)/22. Let y be f(t). Let n = 58 - -2. Calculate the greatest common divisor of n and y.
15
Let a(v) = -3*v - 13. Let x be a(-9). Suppose -218 = -2*k - 3*y, -3*k + 3*y + 330 = 6*y. What is the greatest common divisor of k and x?
14
Suppose 2*q + 46 = 4*s, -50 = -4*s - 2*q - 0*q. Calculate the greatest common factor of s and 84.
12
Let f = -19 - -24. What is the greatest common factor of f and 1?
1
Let h = -21 - -57. Calculate the highest common divisor of 4 and h.
4
Let d(b) = b**3 + 9*b**2 + 5*b + 8. Let r be d(-8). What is the greatest common divisor of r and 4?
4
Let d be (112/(-42))/(2/(-9)). Calculate the highest common factor of d and 42.
6
Let y be 3 - (1 + 0)*-57. Suppose -5*f - 4*b = b - 45, -9 = -3*f + 3*b. Calculate the greatest common factor of y and f.
6
Suppose 0 = -2*a + 10*a - 88. Let h be (1 - -20) + (-2)/(-2). Calculate the greatest common divisor of h and a.
11
Let k = -4 - -1. Let t be k/(2*(-2)/8). Suppose r - t*r = -70. Calculate the highest common divisor of 21 and r.
7
Let u be ((-8)/12)/(4/(-534)). Suppose u = 3*b - 91. Calculate the greatest common divisor of b and 24.
12
Suppose k - 2*x = 4*k - 15, -3*k + 3*x = 0. Suppose -k*p - 31 = -c, -c = -0*c - 1. Let h = 14 + p. Calculate the greatest common divisor of 12 and h.
4
Suppose -7 = 2*l - 3*w, 0 = 2*w + w - 15. Suppose -5*f + 6*u - 1 = 9*u, -2 = 4*f + 3*u. What is the highest common factor of f and l?
1
Let o be (8/(-6))/(8/(-12)). Suppose 1 = o*g - 13. Calculate the highest common divisor of 63 and g.
7
Let z be -3 - 22/(-8) - (-1014)/24. Calculate the greatest common divisor of z and 210.
42
Let p be (-196)/6*(-3 - 0). What is the greatest common divisor of 28 and p?
14
Suppose 10*m + 28 = 12*m. Calculate the highest common divisor of m and 126.
14
Let j(y) = y**2 + 14*y + 5. Let o be j(-15). Let d(l) = -l**2 - l + 20. Let c = -1 - -1. Let r be d(c). Calculate the highest common divisor of o and r.
20
Let j be 0/1 - ((-3)/1 + -77). What is the greatest common factor of j and 20?
20
Let s = 1 + -1. Suppose 4*n + 5*g - 123 = 0, -2*g = 2*n - s*g - 62. What is the highest common divisor of n and 80?
16
Suppose 0*h = 5*h - 5*g - 40, 4*g = -3*h + 45. What is the highest common divisor of 22 and h?
11
Let a = 129 + -111. Let g = -3 - -5. What is the greatest common factor of a and g?
2
Let i(c) = 2*c**2 + 3*c + 11. Let b be i(-4). What is the highest common divisor of b and 279?
31
Let r = -7 + 5. Let s be (-1 - r)/(-2)*12. Let a(k) = -k**3 - 7*k**2 - 7*k - 3. Let w be a(s). What is the greatest common divisor of 3 and w?
3
Suppose -3*y = y - 4*r - 200, 5*r = 2*y - 106. What is the highest common factor of 6 and y?
6
Suppose -2*o = -6, 3*o = 3*v - 0*o + 6. Suppose -7*s = -2*s - 200. Suppose 2*i + 50 = 4*z, -8*z + s = -3*z + 5*i. What is the highest common divisor of z and v?
1
Let c(a) = 18*a + 7. Let p be c(7). What is the highest common divisor of 19 and p?
19
Suppose 6*u = 3*u + 27. What is the greatest common divisor of 36 and u?
9
Let j = 3 + 0. What is the greatest common divisor of 9 and j?
3
Suppose 0 = 4*u - 229 - 167. Let c be (1/3)/(121/3267). Calculate the greatest common divisor of c and u.
9
Let m be (1/3)/((-10)/(-780)). What is the greatest common divisor of m and 52?
26
Let q(j) = j**2 + 7*j + 1. Let r be q(-6). Let o be 40/(-12)*42/r. Calculate the greatest common divisor of 7 and o.
7
Let z(x) = 1 - 1 - 3*x + x. Let b be z(-4). Let t(d) = -12*d. Let o be t(-2). Calculate the greatest common divisor of o and b.
8
Let j be (-5 + 325/(-1))*(-6)/4. Calculate the highest common divisor of 45 and j.
45
Let x be (48/(-20))/((-273)/90 + 3). What is the greatest common divisor of 9 and x?
9
Let h(y) = 